 is the remainder when 675 is divided by 41?
19
Calculate the remainder when 178 is divided by 30.
28
What is the remainder when 550 is divided by 209?
132
What is the remainder when 1169 is divided by 190?
29
What is the remainder when 233 is divided by 77?
2
Calculate the remainder when 34 is divided by 13.
8
What is the remainder when 691 is divided by 109?
37
Calculate the remainder when 71 is divided by 6.
5
What is the remainder when 522 is divided by 28?
18
What is the remainder when 306 is divided by 103?
100
Calculate the remainder when 569 is divided by 48.
41
Calculate the remainder when 1157 is divided by 20.
17
Calculate the remainder when 113 is divided by 11.
3
Calculate the remainder when 595 is divided by 59.
5
Calculate the remainder when 1230 is divided by 44.
42
What is the remainder when 307 is divided by 52?
47
Calculate the remainder when 4116 is divided by 61.
29
What is the remainder when 1571 is divided by 2?
1
Calculate the remainder when 122 is divided by 63.
59
What is the remainder when 481 is divided by 7?
5
What is the remainder when 3704 is divided by 410?
14
Calculate the remainder when 46 is divided by 20.
6
Calculate the remainder when 1166 is divided by 149.
123
Calculate the remainder when 678 is divided by 245.
188
Calculate the remainder when 8785 is divided by 187.
183
What is the remainder when 595 is divided by 68?
51
What is the remainder when 448 is divided by 142?
22
What is the remainder when 14 is divided by 3?
2
Calculate the remainder when 126 is divided by 64.
62
Calculate the remainder when 13 is divided by 1.
0
Calculate the remainder when 194 is divided by 6.
2
What is the remainder when 54 is divided by 34?
20
Calculate the remainder when 39 is divided by 6.
3
Calculate the remainder when 392 is divided by 378.
14
Calculate the remainder when 1298 is divided by 62.
58
What is the remainder when 15259 is divided by 140?
139
What is the remainder when 9 is divided by 7?
2
Calculate the remainder when 164 is divided by 90.
74
Calculate the remainder when 1523 is divided by 194.
165
What is the remainder when 139 is divided by 49?
41
What is the remainder when 212 is divided by 107?
105
What is the remainder when 33 is divided by 17?
16
What is the remainder when 482 is divided by 21?
20
What is the remainder when 625 is divided by 18?
13
What is the remainder when 322 is divided by 50?
22
Calculate the remainder when 97 is divided by 50.
47
What is the remainder when 42557 is divided by 160?
157
What is the remainder when 1404 is divided by 57?
36
Calculate the remainder when 12945 is divided by 12.
9
What is the remainder when 658 is divided by 30?
28
What is the remainder when 19923 is divided by 82?
79
Calculate the remainder when 1501 is divided by 1495.
6
Calculate the remainder when 61 is divided by 17.
10
What is the remainder when 131 is divided by 36?
23
Calculate the remainder when 143 is divided by 34.
7
Calculate the remainder when 53065 is divided by 26.
25
Calculate the remainder when 431 is divided by 6.
5
What is the remainder when 92 is divided by 44?
4
What is the remainder when 9631 is divided by 56?
55
What is the remainder when 507 is divided by 357?
150
Calculate the remainder when 79 is divided by 30.
19
What is the remainder when 557 is divided by 81?
71
Calculate the remainder when 1060 is divided by 210.
10
What is the remainder when 111 is divided by 40?
31
What is the remainder when 594 is divided by 37?
2
What is the remainder when 1678 is divided by 122?
92
Calculate the remainder when 196 is divided by 120.
76
Calculate the remainder when 300 is divided by 275.
25
Calculate the remainder when 59 is divided by 35.
24
Calculate the remainder when 446 is divided by 62.
12
What is the remainder when 5000 is divided by 139?
135
Calculate the remainder when 2686 is divided by 4.
2
What is the remainder when 623 is divided by 25?
23
Calculate the remainder when 273 is divided by 23.
20
Calculate the remainder when 2010 is divided by 142.
22
Calculate the remainder when 1525 is divided by 14.
13
What is the remainder when 24009 is divided by 92?
89
What is the remainder when 208 is divided by 86?
36
What is the remainder when 1117 is divided by 116?
73
What is the remainder when 155 is divided by 18?
11
Calculate the remainder when 32 is divided by 24.
8
Calculate the remainder when 304 is divided by 157.
147
What is the remainder when 122 is divided by 62?
60
Calculate the remainder when 520 is divided by 24.
16
Calculate the remainder when 17 is divided by 10.
7
Calculate the remainder when 275 is divided by 46.
45
Calculate the remainder when 350 is divided by 27.
26
What is the remainder when 31 is divided by 31?
0
What is the remainder when 2367 is divided by 131?
9
What is the remainder when 583 is divided by 282?
19
Calculate the remainder when 137 is divided by 5.
2
Calculate the remainder when 2063 is divided by 197.
93
Calculate the remainder when 1054 is divided by 130.
14
Calculate the remainder when 37 is divided by 6.
1
What is the remainder when 2421 is divided by 802?
15
What is the remainder when 15371 is divided by 16?
11
Calculate the remainder when 911 is divided by 152.
151
Calculate the remainder when 280 is divided by 48.
40
Calculate the remainder when 1048 is divided by 22.
14
What is the remainder when 554 is divided by 68?
10
What is the remainder when 24271 is divided by 41?
40
What is the remainder when 20396 is divided by 25?
21
What is the remainder when 2891 is divided by 262?
9
What is the remainder when 305 is divided by 78?
71
Calculate the remainder when 573 is divided by 10.
3
What is the remainder when 1758 is divided by 43?
38
What is the remainder when 208 is divided by 199?
9
What is the remainder when 3435 is divided by 1143?
6
Calculate the remainder when 111 is divided by 19.
16
What is the remainder when 191 is divided by 32?
31
What is the remainder when 1790 is divided by 28?
26
What is the remainder when 1108 is divided by 224?
212
What is the remainder when 6586 is divided by 54?
52
What is the remainder when 356 is divided by 18?
14
Calculate the remainder when 491 is divided by 104.
75
What is the remainder when 238 is divided by 197?
41
Calculate the remainder when 11411 is divided by 15.
11
Calculate the remainder when 936 is divided by 94.
90
Calculate the remainder when 17 is divided by 1.
0
Calculate the remainder when 1642 is divided by 26.
4
What is the remainder when 7277 is divided by 65?
62
What is the remainder when 107 is divided by 36?
35
What is the remainder when 446 is divided by 432?
14
Calculate the remainder when 590 is divided by 14.
2
What is the remainder when 159 is divided by 76?
7
What is the remainder when 64 is divided by 37?
27
What is the remainder when 9026 is divided by 301?
297
Calculate the remainder when 4489 is divided by 29.
23
What is the remainder when 624 is divided by 160?
144
Calculate the remainder when 812 is divided by 772.
40
Calculate the remainder when 2636 is divided by 80.
76
Calculate the remainder when 433 is divided by 421.
12
Calculate the remainder when 97 is divided by 7.
6
Calculate the remainder when 194 is divided by 139.
55
Calculate the remainder when 135 is divided by 89.
46
What is the remainder when 267 is divided by 54?
51
What is the remainder when 17 is divided by 9?
8
Calculate the remainder when 17 is divided by 15.
2
Calculate the remainder when 580 is divided by 105.
55
What is the remainder when 5322 is divided by 62?
52
Calculate the remainder when 757 is divided by 10.
7
What is the remainder when 144 is divided by 4?
0
Calculate the remainder when 523 is divided by 88.
83
Calculate the remainder when 2741 is divided by 28.
25
Calculate the remainder when 193 is divided by 3.
1
What is the remainder when 105 is divided by 19?
10
Calculate the remainder when 6 is divided by 4.
2
What is the remainder when 1027 is divided by 60?
7
What is the remainder when 1094 is divided by 10?
4
Calculate the remainder when 539 is divided by 316.
223
Calculate the remainder when 101 is divided by 16.
5
Calculate the remainder when 483 is divided by 131.
90
Calculate the remainder when 185 is divided by 34.
15
Calculate the remainder when 205 is divided by 44.